{"id":783,"date":"2021-11-12T07:07:36","date_gmt":"2021-11-12T05:07:36","guid":{"rendered":"https:\/\/www.georgebarbers.eu\/trnava\/?post_type=teams&#038;p=783"},"modified":"2026-02-09T22:22:03","modified_gmt":"2026-02-09T20:22:03","slug":"juraj-lednicky","status":"publish","type":"teams","link":"https:\/\/www.georgebarbers.eu\/trnava\/teams\/juraj-lednicky\/","title":{"rendered":"Juraj Lednick\u00fd"},"content":{"rendered":"\n<p>som majite\u013e prev\u00e1dzky george barbers a z\u00e1rove\u0148 barber. Strih\u00e1m 4 roky. Sna\u017e\u00edm sa st\u00e1le vzdel\u00e1va\u0165 a n\u00e1predova\u0165 v oblasti barberingu \u010di u\u017e absolvovan\u00ed r\u00f4znych \u0161kolen\u00ed alebo s\u00fa\u0165a\u017e\u00ed. \u0160kolil ma aj jednen z najlep\u0161\u00edch slovensk\u00fdch barberov Vladim\u00edr Kendra. Ur\u010dite pl\u00e1nujem do bud\u00facna \u010fal\u0161ie \u0161kolenia \u010di u\u017e na Slovensku alebo v zahrani\u010d\u00ed. Z\u00fa\u010dastnil som sa r\u00f4znych s\u00fa\u0165a\u017e\u00ed ktor\u00e9 hodnotili uzn\u00e1van\u00ed barberi z cel\u00e9ho sveta. Moja pr\u00e1ce je z\u00e1rove\u0148 aj moj\u00edm kon\u00ed\u010dkom a najv\u00e4\u010d\u0161ov odmenou pre m\u0148a je spokojnos\u0165 z\u00e1kazn\u00edka. Ke\u010f si chce\u0161 vysk\u00fa\u0161a\u0165 kvalitu mojej pr\u00e1ce tak sa objednaj online.<\/p>\n","protected":false},"featured_media":785,"template":"","_links":{"self":[{"href":"https:\/\/www.georgebarbers.eu\/trnava\/wp-json\/wp\/v2\/teams\/783"}],"collection":[{"href":"https:\/\/www.georgebarbers.eu\/trnava\/wp-json\/wp\/v2\/teams"}],"about":[{"href":"https:\/\/www.georgebarbers.eu\/trnava\/wp-json\/wp\/v2\/types\/teams"}],"wp:featuredmedia":[{"embeddable":true,"href":"https:\/\/www.georgebarbers.eu\/trnava\/wp-json\/wp\/v2\/media\/785"}],"wp:attachment":[{"href":"https:\/\/www.georgebarbers.eu\/trnava\/wp-json\/wp\/v2\/media?parent=783"}],"curies":[{"name":"wp","href":"https:\/\/api.w.org\/{rel}","templated":true}]}}

Juraj Lednický

<p>som majiteľ prevádzky george barbers a zároveň barber. Strihám 4 roky. Snažím sa stále vzdelávať a nápredovať v oblasti barberingu či už absolvovaní rôznych školení alebo súťaží. Školil ma aj jednen z najlepších slovenských barberov Vladimír Kendra. Určite plánujem do budúcna ďalšie školenia či už na Slovensku alebo v zahraničí. Zúčastnil som sa rôznych súťaží ktoré hodnotili uznávaní barberi z celého sveta. Moja práce je zároveň aj mojím koníčkom a najväčšov odmenou pre mňa je spokojnosť zákazníka. Keď si chceš vyskúšať kvalitu mojej práce tak sa objednaj online.</p>
